3351
What are the prime factors of 1444411315?
5, 7001, 41263
What are the prime factors of 7623421304?
2, 952927663
What are the prime factors of 3283293404?
2, 19, 79, 233, 2347
List the prime factors of 643284771.
3, 214428257
What are the prime factors of 973208237?
973208237
List the prime factors of 288544750.
2, 5, 13, 47, 1889
What are the prime factors of 25538896?
2, 17, 93893
List the prime factors of 417025458.
2, 3, 71, 151, 2161
List the prime factors of 1539848486.
2, 11, 69993113
What are the prime factors of 304098202?
2, 8747, 17383
What are the prime factors of 15945147?
3, 151, 3911
List the prime factors of 18501351.
3, 11, 157, 3571
What are the prime factors of 5670959?
7, 810137
List the prime factors of 656112029.
656112029
List the prime factors of 433251512.
2, 173, 229, 1367
What are the prime factors of 368585845?
5, 19, 3879851
List the prime factors of 26514283.
439, 60397
What are the prime factors of 930896776?
2, 116362097
List the prime factors of 57448346.
2, 37, 67, 11587
What are the prime factors of 2992843797?
3, 83, 12019453
What are the prime factors of 78651309?
3, 11, 31, 76883
What are the prime factors of 1202732028?
2, 3, 33409223
What are the prime factors of 681427174?
2, 340713587
What are the prime factors of 2334390956?
2, 583597739
What are the prime factors of 70872773?
70872773
List the prime factors of 1055154870.
2, 3, 5, 7, 11, 50753
What are the prime factors of 4053494091?
3, 709, 1905733
List the prime factors of 432694494.
2, 3, 2423, 3307
What are the prime factors of 236158180?
2, 5, 11807909
What are the prime factors of 80643408?
2, 3, 1680071
What are the prime factors of 3045935850?
2, 3, 5, 79, 401, 641
What are the prime factors of 8533217?
7, 11, 110821
List the prime factors of 767474037.
3, 11, 31, 250073
List the prime factors of 18787651.
211, 89041
What are the prime factors of 1247981178?
2, 3, 207996863
What are the prime factors of 422623062?
2, 3, 31, 252463
List the prime factors of 63455996.
2, 15863999
What are the prime factors of 828539869?
151, 5487019
What are the prime factors of 121131475?
5, 4845259
What are the prime factors of 199700426?
2, 109, 916057
List the prime factors of 243787132.
2, 60946783
List the prime factors of 3293631782.
2, 7, 17, 167, 173, 479
List the prime factors of 472391935.
5, 547, 172721
What are the prime factors of 3098140390?
2, 5, 3041, 101879
What are the prime factors of 513662511?
3, 19, 9011623
What are the prime factors of 106342817?
7, 547, 27773
What are the prime factors of 25569162?
2, 3, 473503
List the prime factors of 413936655.
3, 5, 11, 17, 147571
List the prime factors of 1182008842.
2, 7, 103, 819701
What are the prime factors of 202834290?
2, 3, 5, 6761143
List the prime factors of 250447064.
2, 7, 79, 56611
List the prime factors of 2645224694.
2, 7, 188944621
What are the prime factors of 3613381023?
3, 7, 172065763
What are the prime factors of 56306665?
5, 11261333
What are the prime factors of 18643760?
2, 5, 241, 967
List the prime factors of 2241169509.
3, 17509, 42667
List the prime factors of 114373034.
2, 43, 59, 22541
What are the prime factors of 83458547?
4003, 20849
List the prime factors of 1113142415.
5, 7, 11, 41, 97, 727
What are the prime factors of 1215054462?
2, 3, 202509077
What are the prime factors of 97339587?
3, 73, 444473
What are the prime factors of 991211789?
9257, 107077
What are the prime factors of 4092188305?
5, 71, 11527291
List the prime factors of 212124613.
67, 3166039
What are the prime factors of 10951418?
2, 67, 81727
What are the prime factors of 58448240?
2, 5, 730603
What are the prime factors of 566056417?
19, 29792443
What are the prime factors of 477360336?
2, 3, 547, 18181
List the prime factors of 970032446.
2, 4649, 104327
What are the prime factors of 1079893099?
43, 1993, 12601
What are the prime factors of 72375075?
3, 5, 67, 4801
What are the prime factors of 94554616?
2, 13, 29, 107, 293
List the prime factors of 60906694.
2, 283, 107609
List the prime factors of 67285937.
1721, 39097
What are the prime factors of 851857082?
2, 41, 10388501
List the prime factors of 128836843.
359, 358877
List the prime factors of 409011006.
2, 3, 197, 293, 1181
List the prime factors of 808524019.
4441, 182059
List the prime factors of 21594775.
5, 353, 2447
List the prime factors of 1072317044.
2, 67, 4001183
What are the prime factors of 240331?
7, 13, 19, 139
List the prime factors of 54023373.
3, 67, 89591
List the prime factors of 4991111924.
2, 181, 1237, 5573
What are the prime factors of 20048152?
2, 83, 109, 277
What are the prime factors of 1970993014?
2, 1483, 664529
List the prime factors of 1604334070.
2, 5, 160433407
List the prime factors of 186098184.
2, 3, 17, 152041
What are the prime factors of 102790538?
2, 1471, 34939
What are the prime factors of 2619709271?
35521, 73751
What are the prime factors of 2290523682?
2, 3, 19, 103, 195071
List the prime factors of 93345874.
2, 67, 696611
List the prime factors of 4266328205.
5, 43, 97, 157, 1303
List the prime factors of 42249839.
29, 1456891
List the prime factors of 14367683.
11, 367, 3559
What are the prime factors of 49831997?
1861, 26777
What are the prime factors of 443529328?
2, 11, 757, 3329
List the prime factors of 282431061.
3, 11, 223, 1163
List the prime factors of 149288251.
7, 1123, 2713
List the prime factors of 4851127.
4851127
What are the prime factors of 93930615?
3, 5, 2087347
What are the prime factors of 770455104?
2, 3, 23, 174469
List the prime factors of 1380406476.
2, 3, 3623, 31751
What are the prime factors of 241545881?
241545881
What are the prime factors of 43911638?
2, 653, 33623
What are the prime factors of 292710263?
859, 340757
What are the prime factors of 8551583?
151, 56633
List the prime factors of 981782780.
2, 5, 11, 107, 179, 233
List the prime factors of 346124572.
2, 86531143
List the prime factors of 56249844.
2, 3, 7, 271, 353
What are the prime factors of 117699598?
2, 211, 278909
List the prime factors of 95640773.
107, 893839
What are the prime factors of 28103316?
2, 3, 2341943
List the prime factors of 13544047.
11, 1231277
What are the prime factors of 3308011414?
2, 43, 38465249
List the prime factors of 222153570.
2, 3, 5, 822791
What are the prime factors of 25365272?
2, 3170659
List the prime factors of 235281971.
31, 1213, 6257
What are the prime factors of 543819044?
2, 37, 3674453
What are the prime factors of 3981976159?
7, 47, 12103271
What are the prime factors of 223665360?
2, 3, 5, 43, 21673
List the prime factors of 803905169.
461, 1743829
What are the prime factors of 518593592?
2, 11, 293, 20113
List the prime factors of 100835497.
7, 14405071
List the prime factors of 218064191.
218064191
What are the prime factors of 86165675?
5, 257, 13411
List the prime factors of 7786513724.
2, 11, 5479, 32299
What are the prime factors of 61742067?
3, 47, 313, 1399
List the prime factors of 541007666.
2, 270503833
List the prime factors of 18209521.
11, 617, 2683
List the prime factors of 6267853419.
3, 43, 48588011
List the prime factors of 18861175.
5, 31, 24337
What are the prime factors of 126131083?
13, 43, 225637
List the prime factors of 612924859.
612924859
What are the prime factors of 198695426?
2, 19, 5228827
List the prime factors of 556647420.
2, 3, 5, 7, 1325351
List the prime factors of 1193894066.
2, 596947033
List the prime factors of 358369375.
5, 7, 13, 6301
List the prime factors of 2440529130.
2, 3, 5, 13, 6257767
List the prime factors of 1173575377.
13, 127, 54679
What are the prime factors of 104613811?
104613811
What are the prime factors of 3239430413?
29, 43, 2597779
What are the prime factors of 3137059115?
5, 367, 1193, 1433
List the prime factors of 1549699267.
23, 4597, 14657
List the prime factors of 122642253.
3, 13626917
What are the prime factors of 701817452?
2, 7, 25064909
List the prime factors of 10261054.
2, 61, 151, 557
What are the prime factors of 127766604?
2, 3, 7, 1521031
List the prime factors of 271604674.
2, 11, 109, 191, 593
List the prime factors of 121076950.
2, 5, 37, 65447
List the prime factors of 391972297.
391972297
List the prime factors of 1018355525.
5, 11, 3703111
List the prime fa